y**2 - 2*y + 13. Let x be j(2). Suppose -2*o = -302 - x. Is o composite?
True
Suppose 151678548 = 354*p + 35315562. Is p prime?
True
Suppose 0 = -s - 0*s + 1. Let m be -5 + (0 + 1 - s)/(-3). Is ((-1874)/m)/(12/60) prime?
False
Let p = 172325 + -113568. Is p a prime number?
True
Let v be (54/(-15))/(1/5). Let x be (6143/2)/((-3)/v). Suppose x + 13365 = 6*c. Is c prime?
False
Suppose 0 = -13*a - 624 + 63258. Let g = 7111 - a. Is g a prime number?
True
Suppose b + 50 = 11*b. Suppose -2*i + 12137 = b*n, 4*n + 3*i - 7842 - 1862 = 0. Is n composite?
True
Let n = 529411 - -38526. Is n prime?
True
Let a(z) = -z**3 + 5*z**2 - z - 13. Let w be a(3). Suppose 4*k - w*x - 3123 = k, 5221 = 5*k + 2*x. Is k composite?
True
Suppose 17*t - 23*t + 2824059 = 15*t. Is t prime?
False
Let x be 9 + (-8)/(4/2). Suppose -x*t = 25, 5*q + 3*t + 2193 + 3532 = 0. Let y = q - -1633. Is y composite?
False
Let j be 1 + 1645 + (-5 - -5). Suppose d = -3*r + j, 9*d - 13*d - r = -6551. Is d a prime number?
True
Suppose 3*h + 2341 = 2*q + 2*q, 2*q - 1174 = -2*h. Suppose -q = 2*g - 12522. Suppose 0 = 4*b - 2196 - g. Is b a prime number?
False
Let j(h) = 10*h - 51. Let v be j(6). Suppose v*x - 7557 = -2*x. Is x a prime number?
False
Let s be (-2)/(-10)*18 - (-51)/(-85). Is (-6 - (0 - 3))*(-5501)/s composite?
False
Let h(p) = 197750*p**2 - 26*p - 67. Is h(-3) a composite number?
False
Let b = 404 - -6631. Let y = b + 5311. Is y a composite number?
True
Let i = 501 + -501. Suppose i = 16*q - 52032 - 46480. Is q a prime number?
False
Let i be (-29048 - 24/(-3)) + -5. Let n = i - -80548. Is n composite?
False
Let f(c) = 32*c**2 - 16*c + 59. Let o(b) = -b**2 - b - 6. Let s(p) = f(p) + 3*o(p). Is s(6) composite?
False
Let m = -754 - -615. Let a = 288 + m. Is a a prime number?
True
Suppose -65 = 15*q - 10*q. Let j = q + 18. Suppose -3*u + 1468 + 558 = -j*p, -u - 4*p + 681 = 0. Is u prime?
True
Let v be (3 - 3) + -7099 - -1. Let y = -4519 - v. Is y composite?
False
Let q(z) = 1278*z - 2. Let v(h) = 320*h - 1. Let f(m) = -2*q(m) + 9*v(m). Is f(1) a composite number?
True
Let p(u) = 2*u + 36. Let s be p(-18). Suppose 4*m = g + 162, s = 3*m - 2*g + 5*g - 129. Suppose 0 = m*k - 46*k + 4065. Is k composite?
True
Let s(q) = -99*q**3 - q**2 - 3*q - 4. Let a be s(-3). Let b(j) = 2*j**2 + 11*j - 28. Let h be b(2). Suppose o + a = 3*v, 1784 = 2*v - o - h*o. Is v prime?
False
Let m be (-5 - (-3 - 0)) + 5610. Suppose -25*v + 17*v + m = 0. Is v a composite number?
False
Suppose y = -4*s + 205, 0 = 8*y + 4*s - 2467 + 743. Suppose 0 = -5*t + 2*o - 552, 5*t + 568 = -o - o. Let j = y - t. Is j composite?
True
Suppose 329 = 2*d + 1. Let u(w) = 3*w**3 - 7*w**2 + w + 4. Let p be u(2). Suppose 3*f - 5*l = 256, 0 = -3*f + f + p*l + d. Is f a prime number?
False
Let i(u) = 30*u**2 - 11*u - 10. Suppose -3*v = -16 - 14. Let o be i(v). Let w = -1441 + o. Is w a composite number?
False
Let t(h) = -6*h**3 - 3*h**2 - 4*h - 1. Let c = 13 - 9. Let x(r) = 17*r**3 + 9*r**2 + 11*r + 3. Let k(q) = c*x(q) + 11*t(q). Is k(6) prime?
True
Suppose -3*b - 42 = -i + 53, -2*b - 5*i - 69 = 0. Let f(g) = -70*g + 93. Is f(b) prime?
True
Let h(c) be the first derivative of c**6/120 - 3*c**5/20 - 3*c**4/8 - c**3 + 21*c**2/2 - 18. Let u(t) be the second derivative of h(t). Is u(17) a prime number?
True
Let p(n) = -20821*n**3 + n**2 - 114*n - 347. Is p(-3) composite?
True
Suppose 3*z - 480858 = a, 6*z = -145*a + 141*a + 961662. Is z a composite number?
True
Let o = 538 + 356. Let q = o + 3925. Is q a prime number?
False
Suppose -5*o = 2*b - 57, 0 = -3*b - 0*b - 4*o + 96. Is 5*b/30 + 107 prime?
True
Let o(j) = -8502*j**3 + 3*j**2 + 53*j + 161. Is o(-3) a prime number?
True
Let s(y) be the first derivative of y**4/2 - y**3/3 + y**2 + 1009*y + 76. Suppose 2*l = l. Is s(l) prime?
True
Let g(m) = -30*m**2 + 2*m + 8. Let k be g(-9). Let u be (k/15)/((-14)/(-18) + -1). Let p = 1151 - u. Is p prime?
True
Suppose -67*m - 3602629 = -5*a - 68*m, -2*a - 2*m = -1441042. Is a a composite number?
False
Is 545883/65*1430/66 a prime number?
False
Let x be 1/3 + 319/33. Suppose x*c + 1674 - 13634 = 0. Let v = c - 427. Is v prime?
True
Let g(n) be the third derivative of -n**6/120 + 7*n**5/60 + n**4/4 + 5*n**3/2 - 14*n**2. Let h be g(8). Is (h + -3337)/(0 - 2) prime?
True
Suppose -3*c + 3*f + 1159539 = 0, 3*c + 361459 = -4*f + 1520970. Is c composite?
True
Suppose y = -2*y + 60. Let v be 16/y*(-10740)/(-8). Suppose -3*k + v = -1287. Is k a prime number?
True
Let l be (52/6)/((-4)/6). Is (-15 - l)/((-55120)/(-27562) + -2) a composite number?
False
Let l(u) = 7*u + 54. Let t be l(-7). Suppose -4*v + 1525 = -v - t*f, -2*v + 5*f = -1020. Is v composite?
True
Let a(s) = -9*s - 33. Let m be a(-4). Suppose -2*n - 32167 = -m*o, -32165 = -4*o + o + 4*n. Is o prime?
True
Let p = 53 - 30. Let g be (2/(-10))/(p/(-115)). Is (0 + g)/((-26)/(-16978)) prime?
True
Let l be (-36)/90 - (-2)/5. Suppose 5*c = -l + 10. Suppose c*y - 299 = 243. Is y a prime number?
True
Let j = -189 - -1268. Suppose 4*f + 3*x = 2537, -5*f + 0*x = -4*x - 3148. Let y = j - f. Is y a composite number?
True
Is (3 - 1)*(-15 + 1109388/8 + 7) composite?
False
Suppose -6 = 2*b, 0 = 3*x + 954*b - 958*b - 539001. Is x prime?
False
Let w = 796 - 224. Suppose 8*p - w = 9*p. Let v = p - -949. Is v a prime number?
False
Suppose -y + 15 = 2*h + h, -4*h = -20. Suppose -2*f + 14294 + 14712 = y. Is f composite?
False
Suppose -5*g - 3505 = 4*n, -2*g - 1671 + 252 = 5*n. Let i = 7109 + -4994. Let b = i + g. Is b a composite number?
True
Suppose -2*q + 59 = 3*c, 5*q - 2*c = 150 - 50. Is (55/q)/(1/94) prime?
False
Let h be (7 - 29)/((-14)/(-33999)). Is (-9)/6 - h/6 prime?
False
Let x = 458 + -455. Suppose 4*y - 19053 = 3*y + 2*s, x*s = -3. Is y composite?
False
Let h(a) = a**3 - 18*a**2 + 10*a + 36. Let z be h(13). Is z*(3 - 5 - -1) composite?
True
Suppose 8*d + d = -36. Is ((-10)/4)/5*(d - 1698) a prime number?
False
Let z = -66117 + 122694. Suppose z = 17*t - 7768. Is t a prime number?
False
Suppose 11*j - 3347 = 10*j + 2*o, -5*j + 5*o = -16720. Suppose -j + 178 = -f. Is f prime?
True
Let f = -920 + 516. Let h = 1497 - f. Is h a prime number?
True
Suppose 21*w - 551246 = 19*w. Is w a composite number?
False
Suppose 0 = -2*t + 5*d + 5714, -5*t - 115 = -d - 14446. Suppose 3*l - l - t = 5*p, 12 = 4*p. Is l a composite number?
True
Let p(k) = -980*k + 3. Let q be p(4). Let n = -2098 - q. Is n composite?
True
Let z = 51602 + 5811. Is z a composite number?
False
Suppose 3*m = -4*j + 222806 - 42747, 2*m + 5*j = 120023. Is m composite?
False
Suppose -9*u - 9*u = -139932. Suppose -22*q - 4*q + u = 0. Is q prime?
False
Suppose -9588*p + 9593*p = 796295. Is p prime?
False
Let q(w) = 8110*w - 765. Is q(43) a prime number?
False
Let i(k) be the third derivative of 0*k + 1/12*k**4 + 2/15*k**5 - 1/2*k**3 + 15*k**2 + 0. Is i(4) a prime number?
False
Let g(c) = -108*c**3 - c**2 + 1. Suppose 10 = -4*x + 2. Let u be g(x). Let m = u + -434. Is m a composite number?
True
Let w = 1282 + -3460. Let q = 7439 + w. Is q a prime number?
True
Suppose -21 = -12*s + 5*s. Suppose -36 = -w - s*w. Let p(u) = 11*u**2 + 9*u - 19. Is p(w) a composite number?
False
Let h(x) = 6*x + 33 + 3*x - 137 + 11*x. Let g be h(32). Let f = 251 + g. Is f prime?
True
Let b(v) = 35019*v + 12774. Is b(13) a composite number?
True
Suppose 0 = -3*y + 233343 + 317706. Is y a prime number?
True
Suppose 4*t = -2*m + 16, -2*m = t - 6*m + 14. Suppose 3*x - 55773 = -5*h + t*h, -4*h + 74372 = 2*x. Is h a prime number?
False
Let a(u) = u**3 + 5*u**2 + 5*u + 4. Let q be a(-4). Let v = q - 45. Is (-13910)/v + (-4)/36 a composite number?
True
Let l = 728 + 6307. Is l + (-8)/(11/(66/(-12))) composite?
False
Suppose -25*f = -40 - 35. Suppose f*p = 7*p - 69380. Is p a prime number?
False
Suppose -3*x = -g + 122, -24*x + 2*g = -28*x - 176. Is 28/x + (-7)/3 - -100 a prime number?
True
Is (-2871040)/(-224) + 1/(-7) composite?
True
Let y(p) = -p**3 + 28*p**2 - 21*p + 84. Let z be y(28). Let f = z + 3187. Is f a composite number?
False
Let y(d) = -d**2 + 3. Let n be y(2). Let w = 23 + -25. Is (4/(-6 - w))/(n/2099) a prime number?
True
Suppose 40*u - 305 = 15. Suppose -4*k + 15377 = -28275. Suppose -k = c - u*c. Is c prime?
True
Suppose 0 = 2*r + 2*f - 2432, -2*r = -3*r - 4*f + 1210. Le